3211
In base 10, what is 238468 - 16?
238452
In base 4, what is -22002 - 121333?
-210001
In base 11, what is 5a - -367965?
367a14
In base 16, what is -c5 - 5406?
-54cb
In base 5, what is 1 + 4343411024?
4343411030
In base 2, what is 10000100000110110100 - -11000001110?
10000100011111000010
In base 8, what is 4631567 + -62?
4631505
In base 14, what is 29674 - 31?
29643
In base 15, what is -ad4 + -16e?
-c53
In base 7, what is -2251603 + -3010?
-2254613
In base 10, what is 225 + -36448?
-36223
In base 8, what is -130 - -1654322?
1654172
In base 5, what is 103203221113 - 2?
103203221111
In base 6, what is 32550543205 - 3?
32550543202
In base 12, what is 7749 - 3834?
3b15
In base 12, what is 4 - 2296560?
-2296558
In base 6, what is 111 - 3353401?
-3353250
In base 6, what is 25 - 352231255?
-352231230
In base 6, what is 3 + 1113101433?
1113101440
In base 7, what is 13 - -3241542631?
3241542644
In base 13, what is c + -16a390?
-16a381
In base 9, what is -14403211 + -20?
-14403231
In base 6, what is -3243 + -10343522?
-10351205
In base 14, what is -a - -9d88?
9d7c
In base 11, what is -14 + -178983?
-178997
In base 7, what is 334241 - -255?
334526
In base 4, what is 2030201 - -10322?
2101123
In base 6, what is 40015501 + 1140?
40021041
In base 9, what is 277 + -4614488?
-4614211
In base 16, what is -42ed + 55de?
12f1
In base 13, what is -138849 - -23?
-138826
In base 16, what is -7d7 + 1237?
a60
In base 7, what is -1 + -146621466?
-146621500
In base 13, what is -1092939 - -1?
-1092938
In base 12, what is 2 - -a200538?
a20053a
In base 7, what is -32255 + 2141?
-30114
In base 2, what is 11011 - 100111111110011111000?
-100111111110011011101
In base 15, what is 2583c - 6?
25836
In base 16, what is 29cd7 - 1a?
29cbd
In base 4, what is -111 + -10102202133?
-10102202310
In base 15, what is -6 - -39e4ca?
39e4c4
In base 13, what is 35c2 - 3319?
2a6
In base 12, what is 1221ab9 + -2?
1221ab7
In base 9, what is 13820 - 61155?
-46235
In base 5, what is -2342031 + -10344?
-2402430
In base 3, what is -1000012 - 102112021?
-110112110
In base 13, what is -1 - 395880?
-395881
In base 11, what is -1858 + 39493?
37736
In base 2, what is 11011100111001 + 10100101000110?
110000001111111
In base 8, what is 1 - 404735507?
-404735506
In base 8, what is 141355045 - -5?
141355052
In base 4, what is -203210303 + 230?
-203210013
In base 11, what is -26 + -76476?
-764a1
In base 8, what is -4 - 6106145?
-6106151
In base 12, what is -265b + -228?
-2887
In base 10, what is -34 - -183665?
183631
In base 8, what is 2366745 - -1011?
2367756
In base 7, what is 214 + -212041?
-211524
In base 2, what is 1110000010111110100 - -110000?
1110000011000100100
In base 4, what is -230001333 + 1012003?
-222323330
In base 12, what is a - 2a64715?
-2a64707
In base 3, what is 2000021 - 1001222112?
-222222021
In base 4, what is -210322 + 12222313?
12011331
In base 2, what is 110000110000100 + 10000011010?
110010110011110
In base 11, what is a + 9563818?
9563827
In base 2, what is -101111001110101101 + -111100?
-101111001111101001
In base 16, what is 2ef7c + 325?
2f2a1
In base 8, what is -5 - 36216153?
-36216160
In base 13, what is 2 - 315699?
-315697
In base 6, what is 453 + -2332041?
-2331144
In base 11, what is 0 + -8451491?
-8451491
In base 6, what is 2011322454 + -13?
2011322441
In base 12, what is -26776 - 109b?
-27855
In base 3, what is -111010022 - 1110000?
-112120022
In base 14, what is a1a + -1cc0?
-12a4
In base 11, what is -a28a448 - 4?
-a28a451
In base 8, what is 316251577 - -14?
316251613
In base 11, what is 2 + 1893570?
1893572
In base 14, what is -1652 + 2a2?
-1390
In base 6, what is -132302 - 103140?
-235442
In base 3, what is 1210120221020022 + 110?
1210120221020202
In base 7, what is -24220 - -20345?
-3542
In base 14, what is 17b94db7 - 1?
17b94db6
In base 4, what is -11 - 323100330311?
-323100330322
In base 13, what is -a17 + 105c0?
c8a6
In base 2, what is 101 + -11011100101101000111000?
-11011100101101000110011
In base 4, what is -33 + -2312122320?
-2312123013
In base 13, what is -22b89a0 - 4?
-22b89a4
In base 7, what is 10311233 + -3?
10311230
In base 2, what is -110111110111010101101010 - 100?
-110111110111010101101110
In base 12, what is -ba4054 + 2?
-ba4052
In base 16, what is 0 + 64f51?
64f51
In base 16, what is -1d30 - -8a3?
-148d
In base 16, what is 1b1cbe81 - 1?
1b1cbe80
In base 16, what is -a + 7dc91a?
7dc910
In base 8, what is -752542 + -430?
-753172
In base 12, what is -4021a59 + 0?
-4021a59
In base 15, what is d496977 - 3?
d496974
In base 11, what is 36a - -9344?
9703
In base 4, what is -20303311110 + -2?
-20303311112
In base 10, what is 1 + -1226724?
-1226723
In base 16, what is 2172c7c - -3?
2172c7f
In base 3, what is 20020212 + -2010220200?
-1220122211
In base 12, what is 11114577 + -4?
11114573
In base 5, what is -4230143210 - 0?
-4230143210
In base 10, what is -10 - 22077990?
-22078000
In base 5, what is -24 - -22430034?
22430010
In base 3, what is 112100200 + -2201?
112020222
In base 6, what is -42 + -301252523?
-301253005
In base 4, what is 23303 - -211221020?
211310323
In base 3, what is 10201220011201 + 12?
10201220011220
In base 15, what is 770d5c - -5?
770d62
In base 2, what is 11100110001110110010010101 - 1?
11100110001110110010010100
In base 13, what is 5 + -a4192?
-a418a
In base 11, what is -3718055 + 0?
-3718055
In base 12, what is -14b78 - 34b?
-15307
In base 2, what is -11000001100000100000100 + -1000?
-11000001100000100001100
In base 4, what is 313200012223 - 13?
313200012210
In base 8, what is 103 - 736027?
-735724
In base 8, what is 1013 + -26361?
-25346
In base 6, what is 24400205 + 3310?
24403515
In base 8, what is 224 - 4467436?
-4467212
In base 12, what is 140 + -71440?
-71300
In base 14, what is 6351 - 1a6?
6189
In base 13, what is 4 + -1357b60?
-1357b59
In base 6, what is 33 - 252305530?
-252305453
In base 16, what is 2d430d + -3?
2d430a
In base 15, what is -1 + -cd2e28?
-cd2e29
In base 14, what is -641b4 - 297?
-6446b
In base 4, what is -21332321302 + 33?
-21332321203
In base 4, what is -112 + -3311032321?
-3311033033
In base 16, what is -34a + -1a45?
-1d8f
In base 15, what is -7 - -164e899?
164e892
In base 7, what is 11 - -3025606620?
3025606631
In base 5, what is 103000432 - -1303?
103002240
In base 10, what is -87 - -40861?
40774
In base 8, what is 5076473 + -12?
5076461
In base 15, what is -b908 + -dd0?
-c7d8
In base 14, what is -18bc7 + -39?
-18c22
In base 5, what is 4314413111 + 0?
4314413111
In base 4, what is -21 + 11310133120?
11310133033
In base 12, what is 1 + 26a53b99?
26a53b9a
In base 12, what is -247a + -65281?
-6773b
In base 6, what is 5514 - -14443521?
14453435
In base 15, what is 839a + 26b?
8616
In base 12, what is -298a7 - -18a8?
-27bbb
In base 8, what is 2017 - -77141?
101160
In base 2, what is 1011100100101100 + -1100?
1011100100100000
In base 15, what is 2c + 7cb0c?
7cb39
In base 10, what is 1014262 + 1?
1014263
In base 8, what is -16713 + 1026?
-15665
In base 12, what is 17a - -3513?
3691
In base 14, what is 4 + -7812c8?
-7812c4
In base 16, what is -2525b + 3b?
-25220
In base 5, what is 1412101 + -323?
1411223
In base 9, what is -41675 - 1513?
-43288
In base 12, what is 148 + 1a8332?
1a847a
In base 16, what is -56e - -9eae2?
9e574
In base 11, what is -24446 - -25?
-24421
In base 8, what is -46 + 75002?
74734
In base 15, what is -251 - 3976?
-3bc7
In base 16, what is 1 - 563899?
-563898
In base 7, what is 12 + -152666122?
-152666110
In base 9, what is -228 - -3883872?
3883643
In base 12, what is -a123731 + 3?
-a12372a
In base 3, what is 101102 + -1200010121112?
-1200010020010
In base 15, what is 0 - 4bca0c?
-4bca0c
In base 4, what is -101023033 + -31010?
-101120103
In base 12, what is -3 - -5531317?
5531314
In base 8, what is -15772 - -2460?
-13312
In base 7, what is 464224 - -2?
464226
In base 13, what is -471b02a + -3?
-471b030
In base 5, what is 31343130 + -3010?
31340120
In base 15, what is -628db6 + -42?
-628e08
In base 7, what is 36 - -102551025?
102551064
In base 7, what is -35 + 2150441?
2150403
In base 12, what is -2 - 194714?
-194716
In base 2, what is -100111010101 + 10111000001000?
10010000110011
In base 8, what is -615232 + -3440?
-620672
In base 2, what is 11100101010100 - 10100010101001?
1000010101011
In 